{"id":3,"date":"2023-12-05T01:57:39","date_gmt":"2023-12-05T01:57:39","guid":{"rendered":"http:\/\/nerymeda.com\/?page_id=3"},"modified":"2023-12-14T20:12:50","modified_gmt":"2023-12-14T20:12:50","slug":"politica-privacidad","status":"publish","type":"page","link":"https:\/\/nerymeda.com\/?page_id=3","title":{"rendered":"Pol\u00edtica de privacidad"},"content":{"rendered":"\n<h2 class=\"wp-block-heading\">Qui\u00e9nes somos<\/h2>\n\n\n\n<p><strong class=\"privacy-policy-tutorial\">Texto sugerido: <\/strong>La direcci\u00f3n de nuestra web es: http:\/\/nerymeda.com.<\/p>\n\n\n\n<p>Fecha de vigencia: 14\/12\/2023<\/p>\n\n\n\n<p>En Nery Meda nos comprometemos a proteger y respetar tu privacidad. Esta Pol\u00edtica de Privacidad describe c\u00f3mo recopilamos, utilizamos y protegemos la informaci\u00f3n personal que puedas proporcionarnos.<\/p>\n\n\n\n<p class=\"has-medium-font-size\"><strong><span style=\"color: #161616;\" class=\"stk-highlight\">1. Informaci\u00f3n que Recopilamos:<\/span><\/strong><\/p>\n\n\n\n<p>Podemos recopilar y procesar la siguiente informaci\u00f3n:<\/p>\n\n\n\n<ul>\n<li>Informaci\u00f3n que nos proporcionas al completar formularios en nuestro sitio web.<\/li>\n\n\n\n<li>Detalles de tus visitas al sitio y los recursos a los que accedes.<\/li>\n<\/ul>\n\n\n\n<p class=\"has-medium-font-size\"><strong><span style=\"color: #131313;\" class=\"stk-highlight\">2. Uso de la Informaci\u00f3n:<\/span><\/strong><\/p>\n\n\n\n<p>La informaci\u00f3n recopilada se utiliza para:<\/p>\n\n\n\n<ul>\n<li>Proporcionar y gestionar los servicios solicitados.<\/li>\n\n\n\n<li>Personalizar tu experiencia en nuestro sitio web.<\/li>\n\n\n\n<li>Mejorar nuestros productos y servicios.<\/li>\n<\/ul>\n\n\n\n<p class=\"has-medium-font-size\"><strong><span style=\"color: #111111;\" class=\"stk-highlight\">3. Divulgaci\u00f3n de la Informaci\u00f3n:<\/span><\/strong><\/p>\n\n\n\n<p>No compartiremos tu informaci\u00f3n personal con terceros, excepto cuando sea necesario para cumplir con obligaciones legales.<\/p>\n\n\n\n<p class=\"has-medium-font-size\"><strong><span style=\"color: #161616;\" class=\"stk-highlight\">4. Cookies:<\/span><\/strong><\/p>\n\n\n\n<p>Utilizamos cookies para mejorar tu experiencia en nuestro sitio. Puedes cambiar la configuraci\u00f3n de cookies en cualquier momento.<\/p>\n\n\n\n<p class=\"has-medium-font-size\"><strong><span style=\"color: #161616;\" class=\"stk-highlight\">5. Seguridad:<\/span><\/strong><\/p>\n\n\n\n<p>Tomamos medidas para proteger tu informaci\u00f3n personal, pero no podemos garantizar la seguridad completa de la transmisi\u00f3n de datos por internet.<\/p>\n\n\n\n<p class=\"has-medium-font-size\"><strong><span style=\"color: #181818;\" class=\"stk-highlight\">6. Enlaces a Otros Sitios:<\/span><\/strong><\/p>\n\n\n\n<p>Nuestro sitio puede contener enlaces a otros sitios web. No tenemos control sobre sus pr\u00e1cticas y no somos responsables de sus pol\u00edticas de privacidad.<\/p>\n\n\n\n<p class=\"has-medium-font-size\"><strong><span style=\"color: #1c1b1b;\" class=\"stk-highlight\">7. Cambios en Esta Pol\u00edtica:<\/span><\/strong><\/p>\n\n\n\n<p>Podemos actualizar esta Pol\u00edtica de Privacidad ocasionalmente. La fecha de vigencia se ajustar\u00e1 en consecuencia.<\/p>\n\n\n\n<p class=\"has-medium-font-size\"><strong><span style=\"color: #131212;\" class=\"stk-highlight\">8. Tus Derechos:<\/span><\/strong><\/p>\n\n\n\n<p>Tienes derecho a acceder, corregir, eliminar y objetar el procesamiento de tu informaci\u00f3n personal.<\/p>\n\n\n\n<p class=\"has-medium-font-size\"><strong><span style=\"color: #242323;\" class=\"stk-highlight\">9. Contacto:<\/span><\/strong><\/p>\n\n\n\n<p>Si tienes preguntas sobre esta Pol\u00edtica de Privacidad, cont\u00e1ctanos en info@nerymeda.com<\/p>\n\n\n\n<p>Gracias por confiar en Nery Meda<\/p>\n\n\n\n<p>Nery Meda<\/p>\n","protected":false},"excerpt":{"rendered":"<p>Qui\u00e9nes somos Texto sugerido: La direcci\u00f3n de nuestra web es: http:\/\/nerymeda.com. Fecha de vigencia: 14\/12\/2023 En Nery Meda nos comprometemos a proteger y respetar tu privacidad. Esta Pol\u00edtica de Privacidad describe c\u00f3mo recopilamos, utilizamos y protegemos la informaci\u00f3n personal que puedas proporcionarnos. 1. Informaci\u00f3n que Recopilamos: Podemos recopilar y procesar la siguiente informaci\u00f3n: 2. Uso [&hellip;]<\/p>\n","protected":false},"author":1,"featured_media":0,"parent":0,"menu_order":0,"comment_status":"closed","ping_status":"open","template":"","meta":{"footnotes":""},"blocksy_meta":[],"featured_image_urls":{"full":"","thumbnail":"","medium":"","medium_large":"","large":"","1536x1536":"","2048x2048":"","woocommerce_archive_thumbnail":"","mailpoet_newsletter_max":"","woocommerce_thumbnail":"","woocommerce_single":"","woocommerce_gallery_thumbnail":""},"post_excerpt_stackable":"<p>Qui\u00e9nes somos Texto sugerido: La direcci\u00f3n de nuestra web es: http:\/\/nerymeda.com. Fecha de vigencia: 14\/12\/2023 En Nery Meda nos comprometemos a proteger y respetar tu privacidad. Esta Pol\u00edtica de Privacidad describe c\u00f3mo recopilamos, utilizamos y protegemos la informaci\u00f3n personal que puedas proporcionarnos. 1. Informaci\u00f3n que Recopilamos: Podemos recopilar y procesar la siguiente informaci\u00f3n: Informaci\u00f3n que nos proporcionas al completar formularios en nuestro sitio web. Detalles de tus visitas al sitio y los recursos a los que accedes. 2. Uso de la Informaci\u00f3n: La informaci\u00f3n recopilada se utiliza para: Proporcionar y gestionar los servicios solicitados. Personalizar tu experiencia en nuestro sitio&hellip;<\/p>\n","category_list":"","author_info":{"name":"nerymeda.com","url":"https:\/\/nerymeda.com\/?author=1"},"comments_num":"0 comments","jetpack_sharing_enabled":true,"_links":{"self":[{"href":"https:\/\/nerymeda.com\/index.php?rest_route=\/wp\/v2\/pages\/3"}],"collection":[{"href":"https:\/\/nerymeda.com\/index.php?rest_route=\/wp\/v2\/pages"}],"about":[{"href":"https:\/\/nerymeda.com\/index.php?rest_route=\/wp\/v2\/types\/page"}],"author":[{"embeddable":true,"href":"https:\/\/nerymeda.com\/index.php?rest_route=\/wp\/v2\/users\/1"}],"replies":[{"embeddable":true,"href":"https:\/\/nerymeda.com\/index.php?rest_route=%2Fwp%2Fv2%2Fcomments&post=3"}],"version-history":[{"count":1,"href":"https:\/\/nerymeda.com\/index.php?rest_route=\/wp\/v2\/pages\/3\/revisions"}],"predecessor-version":[{"id":802,"href":"https:\/\/nerymeda.com\/index.php?rest_route=\/wp\/v2\/pages\/3\/revisions\/802"}],"wp:attachment":[{"href":"https:\/\/nerymeda.com\/index.php?rest_route=%2Fwp%2Fv2%2Fmedia&parent=3"}],"curies":[{"name":"wp","href":"https:\/\/api.w.org\/{rel}","templated":true}]}}